{"id":21116,"date":"2024-08-07T15:02:48","date_gmt":"2024-08-07T18:02:48","guid":{"rendered":"https:\/\/sitescrux.com.br\/gruposerpa\/?page_id=21116"},"modified":"2024-09-24T10:09:27","modified_gmt":"2024-09-24T13:09:27","slug":"ebooks","status":"publish","type":"page","link":"https:\/\/sitescrux.com.br\/gruposerpa\/ebooks\/","title":{"rendered":"Ebooks"},"content":{"rendered":"\t\t<div data-elementor-type=\"wp-page\" data-elementor-id=\"21116\" class=\"elementor elementor-21116\" data-elementor-post-type=\"page\">\n\t\t\t\t<section class=\"elementor-element elementor-element-90c24f2 e-flex e-con-boxed e-con e-parent\" data-id=\"90c24f2\" data-element_type=\"container\">\n\t\t\t\t\t<div class=\"e-con-inner\">\n\t\t<div class=\"elementor-element elementor-element-9a10170 e-con-full e-flex e-con e-child\" data-id=\"9a10170\" data-element_type=\"container\">\n\t\t\t\t<div class=\"elementor-element elementor-element-3487120 elementor-widget elementor-widget-pxl_heading\" data-id=\"3487120\" data-element_type=\"widget\" data-widget_type=\"pxl_heading.default\">\n\t\t\t\t<div class=\"elementor-widget-container\">\n\t\t\t\n<div id=\"pxl-pxl_heading-3487120-5974\" class=\"pxl-heading  \">\n\t<div class=\"pxl-heading--container\">\n\t\t<div class=\"pxl-heading--inner\">\n\t\t\t\t\t\t<h1 class=\"pxl-item--title pxl-heading-custom  \" data-wow-delay=\"\">\n\t\t\t\tEbooks\t\t\t\t\t\n\t\t\t<\/h1>\n\t\t<\/div>\n\t\t\n\t<\/div>\n<\/div>\t\t<\/div>\n\t\t\t\t<\/div>\n\t\t\t\t<div class=\"elementor-element elementor-element-4edb790 elementor-widget-divider--view-line elementor-widget elementor-widget-divider\" data-id=\"4edb790\" data-element_type=\"widget\" data-widget_type=\"divider.default\">\n\t\t\t\t<div class=\"elementor-widget-container\">\n\t\t\t\t\t<div class=\"elementor-divider\">\n\t\t\t<span class=\"elementor-divider-separator\">\n\t\t\t\t\t\t<\/span>\n\t\t<\/div>\n\t\t\t\t<\/div>\n\t\t\t\t<\/div>\n\t\t<div class=\"elementor-element elementor-element-4e3d369 e-con-full e-grid e-con e-child\" data-id=\"4e3d369\" data-element_type=\"container\">\n\t\t<div class=\"elementor-element elementor-element-91c3d88 e-con-full e-flex e-con e-child\" data-id=\"91c3d88\" data-element_type=\"container\">\n\t\t<div class=\"elementor-element elementor-element-a632659 e-con-full e-flex e-con e-child\" data-id=\"a632659\" data-element_type=\"container\">\n\t\t\t\t<div class=\"elementor-element elementor-element-7ff4eb7 elementor-widget elementor-widget-pxl_heading\" data-id=\"7ff4eb7\" data-element_type=\"widget\" data-widget_type=\"pxl_heading.default\">\n\t\t\t\t<div class=\"elementor-widget-container\">\n\t\t\t\n<div id=\"pxl-pxl_heading-7ff4eb7-7248\" class=\"pxl-heading pxl-subtitle-box-4\">\n\t<div class=\"pxl-heading--container\">\n\t\t<div class=\"pxl-heading--inner\">\n\t\t\t\t\t\t\t<div class=\"pxl-item--subtitle \" data-wow-delay=\"ms\">\n\t\t\t\t\t<span class=\"pxl-item--subtext \">\n\t\t\t\t\t\tGratuito\t\t\t\t\t<\/span>\n\t\t\t\t<\/div>\n\t\t\t\t\t\t<h2 class=\"pxl-item--title pxl-heading-custom  \" data-wow-delay=\"\">\n\t\t\t\t\t\t\t\t\t\n\t\t\t<\/h2>\n\t\t<\/div>\n\t\t\n\t<\/div>\n<\/div>\t\t<\/div>\n\t\t\t\t<\/div>\n\t\t\t\t<div class=\"elementor-element elementor-element-a373de0 elementor-widget elementor-widget-image\" data-id=\"a373de0\" data-element_type=\"widget\" data-widget_type=\"image.default\">\n\t\t\t\t<div class=\"elementor-widget-container\">\n\t\t\t\t\t\t\t\t\t\t\t\t\t\t<a href=\"https:\/\/conteudo.gruposerpa.com.br\/ebook-manual-do-importador\" target=\"_blank\">\n\t\t\t\t\t\t\t<img fetchpriority=\"high\" decoding=\"async\" width=\"12567\" height=\"7588\" src=\"https:\/\/sitescrux.com.br\/gruposerpa\/wp-content\/uploads\/2024\/08\/importador-mockup.png\" class=\"elementor-animation-grow attachment-full size-full wp-image-21156\" alt=\"\" srcset=\"https:\/\/sitescrux.com.br\/gruposerpa\/wp-content\/uploads\/2024\/08\/importador-mockup.png 12567w, https:\/\/sitescrux.com.br\/gruposerpa\/wp-content\/uploads\/2024\/08\/importador-mockup-300x181.png 300w, https:\/\/sitescrux.com.br\/gruposerpa\/wp-content\/uploads\/2024\/08\/importador-mockup-1024x618.png 1024w, https:\/\/sitescrux.com.br\/gruposerpa\/wp-content\/uploads\/2024\/08\/importador-mockup-768x464.png 768w, https:\/\/sitescrux.com.br\/gruposerpa\/wp-content\/uploads\/2024\/08\/importador-mockup-1536x927.png 1536w, https:\/\/sitescrux.com.br\/gruposerpa\/wp-content\/uploads\/2024\/08\/importador-mockup-2048x1237.png 2048w, https:\/\/sitescrux.com.br\/gruposerpa\/wp-content\/uploads\/2024\/08\/importador-mockup-1170x706.png 1170w\" sizes=\"(max-width: 12567px) 100vw, 12567px\" \/>\t\t\t\t\t\t\t\t<\/a>\n\t\t\t\t\t\t\t\t\t\t\t\t\t<\/div>\n\t\t\t\t<\/div>\n\t\t\t\t<\/div>\n\t\t<div class=\"elementor-element elementor-element-229f98f e-con-full e-flex e-con e-child\" data-id=\"229f98f\" data-element_type=\"container\">\n\t\t\t\t<div class=\"elementor-element elementor-element-6684d80 elementor-widget elementor-widget-pxl_heading\" data-id=\"6684d80\" data-element_type=\"widget\" data-widget_type=\"pxl_heading.default\">\n\t\t\t\t<div class=\"elementor-widget-container\">\n\t\t\t\n<div id=\"pxl-pxl_heading-6684d80-6763\" class=\"pxl-heading pxl-subtitle-box-4\">\n\t<div class=\"pxl-heading--container\">\n\t\t<div class=\"pxl-heading--inner\">\n\t\t\t\t\t\t<h2 class=\"pxl-item--title pxl-heading-custom  \" data-wow-delay=\"\">\n\t\t\t\tO Manual do Importador\t\t\t\t\t\n\t\t\t<\/h2>\n\t\t<\/div>\n\t\t\n\t<\/div>\n<\/div>\t\t<\/div>\n\t\t\t\t<\/div>\n\t\t\t\t<div class=\"elementor-element elementor-element-7fa7330 elementor-widget elementor-widget-pxl_text_editor\" data-id=\"7fa7330\" data-element_type=\"widget\" data-widget_type=\"pxl_text_editor.default\">\n\t\t\t\t<div class=\"elementor-widget-container\">\n\t\t\t<div class=\"pxl-text-editor\">\n\t<div class=\"pxl-item--inner    \" data-wow-delay=\"ms\">\n\t\t<p>Existem diversas pr\u00e1ticas que preparam o terreno e asseguram um projeto de importa\u00e7\u00e3o mais seguro e eficiente.\u00a0<\/p><p>Neste e-book, elencamos informa\u00e7\u00f5es e dicas indispens\u00e1veis para o sucesso das suas opera\u00e7\u00f5es.\u00a0<\/p>\t\t\n\t<\/div>\n<\/div>\t\t<\/div>\n\t\t\t\t<\/div>\n\t\t\t\t<div class=\"elementor-element elementor-element-e05d80b elementor-widget__width-inherit elementor-widget elementor-widget-pxl_button\" data-id=\"e05d80b\" data-element_type=\"widget\" data-widget_type=\"pxl_button.default\">\n\t\t\t\t<div class=\"elementor-widget-container\">\n\t\t\t<div id=\"pxl-pxl_button-e05d80b-8850\" class=\"pxl-button pxl-atc-link \" data-wow-delay=\"ms\">\r\n    <a href=\"https:\/\/conteudo.gruposerpa.com.br\/ebook-manual-do-importador\" target=\"_blank\" \r\n            class=\"btn pxl-icon-active \r\n             btn-large btn-style-bg btn-style--dark \r\n             btn-hover-style1 \">\r\n        <span class=\"pxl--btn-text\" data-text=\"Baixe o Ebook\">\r\n            Baixe o Ebook        <\/span>\r\n        <i aria-hidden=\"true\" class=\"flaticon flaticon-up-right-arrow\"><\/i>    <\/a>\r\n<\/div>\t\t<\/div>\n\t\t\t\t<\/div>\n\t\t\t\t<\/div>\n\t\t\t\t<\/div>\n\t\t<div class=\"elementor-element elementor-element-b697ab0 e-con-full e-flex e-con e-child\" data-id=\"b697ab0\" data-element_type=\"container\">\n\t\t<div class=\"elementor-element elementor-element-4cccac7 e-con-full e-flex e-con e-child\" data-id=\"4cccac7\" data-element_type=\"container\">\n\t\t\t\t<div class=\"elementor-element elementor-element-526538c elementor-widget elementor-widget-pxl_heading\" data-id=\"526538c\" data-element_type=\"widget\" data-widget_type=\"pxl_heading.default\">\n\t\t\t\t<div class=\"elementor-widget-container\">\n\t\t\t\n<div id=\"pxl-pxl_heading-526538c-4450\" class=\"pxl-heading pxl-subtitle-box-4\">\n\t<div class=\"pxl-heading--container\">\n\t\t<div class=\"pxl-heading--inner\">\n\t\t\t\t\t\t\t<div class=\"pxl-item--subtitle \" data-wow-delay=\"ms\">\n\t\t\t\t\t<span class=\"pxl-item--subtext \">\n\t\t\t\t\t\tGratuito\t\t\t\t\t<\/span>\n\t\t\t\t<\/div>\n\t\t\t\t\t\t<h2 class=\"pxl-item--title pxl-heading-custom  \" data-wow-delay=\"\">\n\t\t\t\t\t\t\t\t\t\n\t\t\t<\/h2>\n\t\t<\/div>\n\t\t\n\t<\/div>\n<\/div>\t\t<\/div>\n\t\t\t\t<\/div>\n\t\t\t\t<div class=\"elementor-element elementor-element-bb84f68 elementor-widget elementor-widget-image\" data-id=\"bb84f68\" data-element_type=\"widget\" data-widget_type=\"image.default\">\n\t\t\t\t<div class=\"elementor-widget-container\">\n\t\t\t\t\t\t\t\t\t\t\t\t\t\t<a href=\"https:\/\/conteudo.gruposerpa.com.br\/manual-do-exportador\" target=\"_blank\">\n\t\t\t\t\t\t\t<img decoding=\"async\" width=\"2672\" height=\"1741\" src=\"https:\/\/sitescrux.com.br\/gruposerpa\/wp-content\/uploads\/2024\/08\/exportador-mockup.png\" class=\"elementor-animation-grow attachment-full size-full wp-image-21158\" alt=\"\" srcset=\"https:\/\/sitescrux.com.br\/gruposerpa\/wp-content\/uploads\/2024\/08\/exportador-mockup.png 2672w, https:\/\/sitescrux.com.br\/gruposerpa\/wp-content\/uploads\/2024\/08\/exportador-mockup-300x195.png 300w, https:\/\/sitescrux.com.br\/gruposerpa\/wp-content\/uploads\/2024\/08\/exportador-mockup-1024x667.png 1024w, https:\/\/sitescrux.com.br\/gruposerpa\/wp-content\/uploads\/2024\/08\/exportador-mockup-768x500.png 768w, https:\/\/sitescrux.com.br\/gruposerpa\/wp-content\/uploads\/2024\/08\/exportador-mockup-1536x1001.png 1536w, https:\/\/sitescrux.com.br\/gruposerpa\/wp-content\/uploads\/2024\/08\/exportador-mockup-2048x1334.png 2048w, https:\/\/sitescrux.com.br\/gruposerpa\/wp-content\/uploads\/2024\/08\/exportador-mockup-1090x710.png 1090w\" sizes=\"(max-width: 2672px) 100vw, 2672px\" \/>\t\t\t\t\t\t\t\t<\/a>\n\t\t\t\t\t\t\t\t\t\t\t\t\t<\/div>\n\t\t\t\t<\/div>\n\t\t\t\t<\/div>\n\t\t<div class=\"elementor-element elementor-element-5442514 e-con-full e-flex e-con e-child\" data-id=\"5442514\" data-element_type=\"container\">\n\t\t\t\t<div class=\"elementor-element elementor-element-e2152a1 elementor-widget elementor-widget-pxl_heading\" data-id=\"e2152a1\" data-element_type=\"widget\" data-widget_type=\"pxl_heading.default\">\n\t\t\t\t<div class=\"elementor-widget-container\">\n\t\t\t\n<div id=\"pxl-pxl_heading-e2152a1-4758\" class=\"pxl-heading pxl-subtitle-box-4\">\n\t<div class=\"pxl-heading--container\">\n\t\t<div class=\"pxl-heading--inner\">\n\t\t\t\t\t\t<h2 class=\"pxl-item--title pxl-heading-custom  \" data-wow-delay=\"\">\n\t\t\t\tO Manual do Exportador\t\t\t\t\t\n\t\t\t<\/h2>\n\t\t<\/div>\n\t\t\n\t<\/div>\n<\/div>\t\t<\/div>\n\t\t\t\t<\/div>\n\t\t\t\t<div class=\"elementor-element elementor-element-ea94dcb elementor-widget elementor-widget-pxl_text_editor\" data-id=\"ea94dcb\" data-element_type=\"widget\" data-widget_type=\"pxl_text_editor.default\">\n\t\t\t\t<div class=\"elementor-widget-container\">\n\t\t\t<div class=\"pxl-text-editor\">\n\t<div class=\"pxl-item--inner    \" data-wow-delay=\"ms\">\n\t\t<p>Como garantir sucesso dos projetos de exporta\u00e7\u00e3o?<br \/><br \/>Neste e-book, voc\u00ea encontra <strong>informa\u00e7\u00f5es cruciais<\/strong>\u00a0e\u00a0<strong>dicas pr\u00e1ticas<\/strong> para otimizar processos e reduzir custos tribut\u00e1rios nas exporta\u00e7\u00f5es.<\/p>\t\t\n\t<\/div>\n<\/div>\t\t<\/div>\n\t\t\t\t<\/div>\n\t\t\t\t<div class=\"elementor-element elementor-element-cf07d98 elementor-widget elementor-widget-pxl_button\" data-id=\"cf07d98\" data-element_type=\"widget\" data-widget_type=\"pxl_button.default\">\n\t\t\t\t<div class=\"elementor-widget-container\">\n\t\t\t<div id=\"pxl-pxl_button-cf07d98-9752\" class=\"pxl-button pxl-atc-link \" data-wow-delay=\"ms\">\r\n    <a href=\"https:\/\/conteudo.gruposerpa.com.br\/manual-do-exportador\" target=\"_blank\" \r\n            class=\"btn pxl-icon-active \r\n             btn-large btn-style-bg btn-style--dark \r\n             btn-hover-style1 \">\r\n        <span class=\"pxl--btn-text\" data-text=\"Baixe o Ebook\">\r\n            Baixe o Ebook        <\/span>\r\n        <i aria-hidden=\"true\" class=\"flaticon flaticon-up-right-arrow\"><\/i>    <\/a>\r\n<\/div>\t\t<\/div>\n\t\t\t\t<\/div>\n\t\t\t\t<\/div>\n\t\t\t\t<\/div>\n\t\t\t\t<\/div>\n\t\t\t\t<\/div>\n\t\t\t\t\t<\/div>\n\t\t\t\t<\/section>\n\t\t\t\t<\/div>\n\t\t","protected":false},"excerpt":{"rendered":"<p>Ebooks Gratuito O Manual do Importador Existem diversas pr\u00e1ticas que preparam o terreno e asseguram um projeto de importa\u00e7\u00e3o mais seguro e eficiente.\u00a0 Neste e-book, elencamos informa\u00e7\u00f5es e dicas indispens\u00e1veis para o sucesso das suas opera\u00e7\u00f5es.\u00a0 Baixe o Ebook Gratuito O Manual do Exportador Como garantir sucesso dos projetos de exporta\u00e7\u00e3o? Neste e-book, voc\u00ea encontra [&hellip;]<\/p>\n","protected":false},"author":2,"featured_media":0,"parent":0,"menu_order":0,"comment_status":"closed","ping_status":"closed","template":"","meta":{"footnotes":""},"class_list":["post-21116","page","type-page","status-publish","hentry"],"yoast_head":"<!-- This site is optimized with the Yoast SEO plugin v25.6 - https:\/\/yoast.com\/wordpress\/plugins\/seo\/ -->\n<title>Ebooks - Grupo Serpa<\/title>\n<meta name=\"description\" content=\"Mantenha-se atualizado com as \u00faltimas tend\u00eancias e atualiza\u00e7\u00f5es do com\u00e9rcio exterior e receba dicas e insights exclusivos no nosso blog.\" \/>\n<meta name=\"robots\" content=\"noindex, follow, max-snippet:-1, max-image-preview:large, max-video-preview:-1\" \/>\n<meta property=\"og:locale\" content=\"pt_BR\" \/>\n<meta property=\"og:type\" content=\"article\" \/>\n<meta property=\"og:title\" content=\"Ebooks - Grupo Serpa\" \/>\n<meta property=\"og:description\" content=\"Mantenha-se atualizado com as \u00faltimas tend\u00eancias e atualiza\u00e7\u00f5es do com\u00e9rcio exterior e receba dicas e insights exclusivos no nosso blog.\" \/>\n<meta property=\"og:url\" content=\"https:\/\/sitescrux.com.br\/gruposerpa\/ebooks\/\" \/>\n<meta property=\"og:site_name\" content=\"Grupo Serpa\" \/>\n<meta property=\"article:publisher\" content=\"https:\/\/www.facebook.com\/serpagroup\" \/>\n<meta property=\"article:modified_time\" content=\"2024-09-24T13:09:27+00:00\" \/>\n<meta property=\"og:image\" content=\"https:\/\/sitescrux.com.br\/gruposerpa\/wp-content\/uploads\/2024\/08\/importador-mockup.png\" \/>\n<meta name=\"twitter:card\" content=\"summary_large_image\" \/>\n<meta name=\"twitter:label1\" content=\"Est. tempo de leitura\" \/>\n\t<meta name=\"twitter:data1\" content=\"1 minuto\" \/>\n<script type=\"application\/ld+json\" class=\"yoast-schema-graph\">{\"@context\":\"https:\/\/schema.org\",\"@graph\":[{\"@type\":\"WebPage\",\"@id\":\"https:\/\/sitescrux.com.br\/gruposerpa\/ebooks\/\",\"url\":\"https:\/\/sitescrux.com.br\/gruposerpa\/ebooks\/\",\"name\":\"Ebooks - Grupo Serpa\",\"isPartOf\":{\"@id\":\"https:\/\/sitescrux.com.br\/gruposerpa\/#website\"},\"primaryImageOfPage\":{\"@id\":\"https:\/\/sitescrux.com.br\/gruposerpa\/ebooks\/#primaryimage\"},\"image\":{\"@id\":\"https:\/\/sitescrux.com.br\/gruposerpa\/ebooks\/#primaryimage\"},\"thumbnailUrl\":\"https:\/\/sitescrux.com.br\/gruposerpa\/wp-content\/uploads\/2024\/08\/importador-mockup.png\",\"datePublished\":\"2024-08-07T18:02:48+00:00\",\"dateModified\":\"2024-09-24T13:09:27+00:00\",\"description\":\"Mantenha-se atualizado com as \u00faltimas tend\u00eancias e atualiza\u00e7\u00f5es do com\u00e9rcio exterior e receba dicas e insights exclusivos no nosso blog.\",\"inLanguage\":\"pt-BR\",\"potentialAction\":[{\"@type\":\"ReadAction\",\"target\":[\"https:\/\/sitescrux.com.br\/gruposerpa\/ebooks\/\"]}]},{\"@type\":\"ImageObject\",\"inLanguage\":\"pt-BR\",\"@id\":\"https:\/\/sitescrux.com.br\/gruposerpa\/ebooks\/#primaryimage\",\"url\":\"https:\/\/sitescrux.com.br\/gruposerpa\/wp-content\/uploads\/2024\/08\/importador-mockup.png\",\"contentUrl\":\"https:\/\/sitescrux.com.br\/gruposerpa\/wp-content\/uploads\/2024\/08\/importador-mockup.png\",\"width\":12567,\"height\":7588},{\"@type\":\"WebSite\",\"@id\":\"https:\/\/sitescrux.com.br\/gruposerpa\/#website\",\"url\":\"https:\/\/sitescrux.com.br\/gruposerpa\/\",\"name\":\"Grupo Serpa\",\"description\":\"Consultoria Estrat\u00e9gica &amp; Log\u00edstica Integrada\",\"publisher\":{\"@id\":\"https:\/\/sitescrux.com.br\/gruposerpa\/#organization\"},\"potentialAction\":[{\"@type\":\"SearchAction\",\"target\":{\"@type\":\"EntryPoint\",\"urlTemplate\":\"https:\/\/sitescrux.com.br\/gruposerpa\/?s={search_term_string}\"},\"query-input\":{\"@type\":\"PropertyValueSpecification\",\"valueRequired\":true,\"valueName\":\"search_term_string\"}}],\"inLanguage\":\"pt-BR\"},{\"@type\":\"Organization\",\"@id\":\"https:\/\/sitescrux.com.br\/gruposerpa\/#organization\",\"name\":\"Grupo Serpa\",\"url\":\"https:\/\/sitescrux.com.br\/gruposerpa\/\",\"logo\":{\"@type\":\"ImageObject\",\"inLanguage\":\"pt-BR\",\"@id\":\"https:\/\/sitescrux.com.br\/gruposerpa\/#\/schema\/logo\/image\/\",\"url\":\"https:\/\/sitescrux.com.br\/gruposerpa\/wp-content\/uploads\/2024\/06\/logo-grupo-serpa-png.png\",\"contentUrl\":\"https:\/\/sitescrux.com.br\/gruposerpa\/wp-content\/uploads\/2024\/06\/logo-grupo-serpa-png.png\",\"width\":443,\"height\":203,\"caption\":\"Grupo Serpa\"},\"image\":{\"@id\":\"https:\/\/sitescrux.com.br\/gruposerpa\/#\/schema\/logo\/image\/\"},\"sameAs\":[\"https:\/\/www.facebook.com\/serpagroup\"]}]}<\/script>\n<!-- \/ Yoast SEO plugin. -->","yoast_head_json":{"title":"Ebooks - Grupo Serpa","description":"Mantenha-se atualizado com as \u00faltimas tend\u00eancias e atualiza\u00e7\u00f5es do com\u00e9rcio exterior e receba dicas e insights exclusivos no nosso blog.","robots":{"index":"noindex","follow":"follow","max-snippet":"max-snippet:-1","max-image-preview":"max-image-preview:large","max-video-preview":"max-video-preview:-1"},"og_locale":"pt_BR","og_type":"article","og_title":"Ebooks - Grupo Serpa","og_description":"Mantenha-se atualizado com as \u00faltimas tend\u00eancias e atualiza\u00e7\u00f5es do com\u00e9rcio exterior e receba dicas e insights exclusivos no nosso blog.","og_url":"https:\/\/sitescrux.com.br\/gruposerpa\/ebooks\/","og_site_name":"Grupo Serpa","article_publisher":"https:\/\/www.facebook.com\/serpagroup","article_modified_time":"2024-09-24T13:09:27+00:00","og_image":[{"url":"https:\/\/sitescrux.com.br\/gruposerpa\/wp-content\/uploads\/2024\/08\/importador-mockup.png","type":"","width":"","height":""}],"twitter_card":"summary_large_image","twitter_misc":{"Est. tempo de leitura":"1 minuto"},"schema":{"@context":"https:\/\/schema.org","@graph":[{"@type":"WebPage","@id":"https:\/\/sitescrux.com.br\/gruposerpa\/ebooks\/","url":"https:\/\/sitescrux.com.br\/gruposerpa\/ebooks\/","name":"Ebooks - Grupo Serpa","isPartOf":{"@id":"https:\/\/sitescrux.com.br\/gruposerpa\/#website"},"primaryImageOfPage":{"@id":"https:\/\/sitescrux.com.br\/gruposerpa\/ebooks\/#primaryimage"},"image":{"@id":"https:\/\/sitescrux.com.br\/gruposerpa\/ebooks\/#primaryimage"},"thumbnailUrl":"https:\/\/sitescrux.com.br\/gruposerpa\/wp-content\/uploads\/2024\/08\/importador-mockup.png","datePublished":"2024-08-07T18:02:48+00:00","dateModified":"2024-09-24T13:09:27+00:00","description":"Mantenha-se atualizado com as \u00faltimas tend\u00eancias e atualiza\u00e7\u00f5es do com\u00e9rcio exterior e receba dicas e insights exclusivos no nosso blog.","inLanguage":"pt-BR","potentialAction":[{"@type":"ReadAction","target":["https:\/\/sitescrux.com.br\/gruposerpa\/ebooks\/"]}]},{"@type":"ImageObject","inLanguage":"pt-BR","@id":"https:\/\/sitescrux.com.br\/gruposerpa\/ebooks\/#primaryimage","url":"https:\/\/sitescrux.com.br\/gruposerpa\/wp-content\/uploads\/2024\/08\/importador-mockup.png","contentUrl":"https:\/\/sitescrux.com.br\/gruposerpa\/wp-content\/uploads\/2024\/08\/importador-mockup.png","width":12567,"height":7588},{"@type":"WebSite","@id":"https:\/\/sitescrux.com.br\/gruposerpa\/#website","url":"https:\/\/sitescrux.com.br\/gruposerpa\/","name":"Grupo Serpa","description":"Consultoria Estrat\u00e9gica &amp; Log\u00edstica Integrada","publisher":{"@id":"https:\/\/sitescrux.com.br\/gruposerpa\/#organization"},"potentialAction":[{"@type":"SearchAction","target":{"@type":"EntryPoint","urlTemplate":"https:\/\/sitescrux.com.br\/gruposerpa\/?s={search_term_string}"},"query-input":{"@type":"PropertyValueSpecification","valueRequired":true,"valueName":"search_term_string"}}],"inLanguage":"pt-BR"},{"@type":"Organization","@id":"https:\/\/sitescrux.com.br\/gruposerpa\/#organization","name":"Grupo Serpa","url":"https:\/\/sitescrux.com.br\/gruposerpa\/","logo":{"@type":"ImageObject","inLanguage":"pt-BR","@id":"https:\/\/sitescrux.com.br\/gruposerpa\/#\/schema\/logo\/image\/","url":"https:\/\/sitescrux.com.br\/gruposerpa\/wp-content\/uploads\/2024\/06\/logo-grupo-serpa-png.png","contentUrl":"https:\/\/sitescrux.com.br\/gruposerpa\/wp-content\/uploads\/2024\/06\/logo-grupo-serpa-png.png","width":443,"height":203,"caption":"Grupo Serpa"},"image":{"@id":"https:\/\/sitescrux.com.br\/gruposerpa\/#\/schema\/logo\/image\/"},"sameAs":["https:\/\/www.facebook.com\/serpagroup"]}]}},"_links":{"self":[{"href":"https:\/\/sitescrux.com.br\/gruposerpa\/wp-json\/wp\/v2\/pages\/21116"}],"collection":[{"href":"https:\/\/sitescrux.com.br\/gruposerpa\/wp-json\/wp\/v2\/pages"}],"about":[{"href":"https:\/\/sitescrux.com.br\/gruposerpa\/wp-json\/wp\/v2\/types\/page"}],"author":[{"embeddable":true,"href":"https:\/\/sitescrux.com.br\/gruposerpa\/wp-json\/wp\/v2\/users\/2"}],"replies":[{"embeddable":true,"href":"https:\/\/sitescrux.com.br\/gruposerpa\/wp-json\/wp\/v2\/comments?post=21116"}],"version-history":[{"count":69,"href":"https:\/\/sitescrux.com.br\/gruposerpa\/wp-json\/wp\/v2\/pages\/21116\/revisions"}],"predecessor-version":[{"id":23726,"href":"https:\/\/sitescrux.com.br\/gruposerpa\/wp-json\/wp\/v2\/pages\/21116\/revisions\/23726"}],"wp:attachment":[{"href":"https:\/\/sitescrux.com.br\/gruposerpa\/wp-json\/wp\/v2\/media?parent=21116"}],"curies":[{"name":"wp","href":"https:\/\/api.w.org\/{rel}","templated":true}]}}